{"id":7,"date":"2025-03-02T17:53:26","date_gmt":"2025-03-02T16:53:26","guid":{"rendered":"https:\/\/www.lageotrie.fr\/geotrie\/?page_id=7"},"modified":"2025-03-03T13:47:47","modified_gmt":"2025-03-03T12:47:47","slug":"accueil","status":"publish","type":"page","link":"https:\/\/www.lageotrie.fr\/geotrie\/","title":{"rendered":"Cr\u00e9ations"},"content":{"rendered":"\n<div class=\"wp-block-uagb-container uagb-block-96kdxq6j alignfull uagb-is-root-container\"><div class=\"uagb-container-inner-blocks-wrap\">\n<div class=\"wp-block-uagb-info-box uagb-block-st6osnqu uagb-infobox__content-wrap  uagb-infobox-icon-above-title uagb-infobox-image-valign-top\"><div class=\"uagb-ifb-content\"><div class=\"uagb-ifb-title-wrap\"><p class=\"uagb-ifb-title-prefix\">la g\u00e9otrie &#8211; briare<\/p><h1 class=\"uagb-ifb-title\">Mes Cr\u00e9ations<\/h1><\/div><p class=\"uagb-ifb-desc\">D\u00e9couvrez les cr\u00e9ations uniques de La G\u00e9otrie<\/p><\/div><\/div>\n<\/div><\/div>\n\n\n\n<p><\/p>\n\n\n\n<p><\/p>\n\n\n\n<p><\/p>\n\n\n\n<div class=\"wp-block-uagb-container uagb-block-j0xzolxl alignfull uagb-is-root-container\"><div class=\"uagb-container-inner-blocks-wrap\">\n<div class=\"wp-block-uagb-container uagb-layout-grid uagb-block-udewfdgr\">\n<div class=\"wp-block-uagb-container uagb-block-yugqb3nv\">\n<div data-aos= \"fade-right\" data-aos-duration=\"400\" data-aos-delay=\"0\" data-aos-easing=\"ease\" data-aos-once=\"true\" class=\"wp-block-uagb-image aligncenter uagb-block-eh63fqch wp-block-uagb-image--layout-default wp-block-uagb-image--effect-static wp-block-uagb-image--align-center alignleft\"><figure class=\"wp-block-uagb-image__figure\"><img decoding=\"async\" srcset=\"https:\/\/www.lageotrie.fr\/geotrie\/wp-content\/uploads\/2025\/03\/img1.png ,https:\/\/www.lageotrie.fr\/geotrie\/wp-content\/uploads\/2025\/03\/img1.png 780w, https:\/\/www.lageotrie.fr\/geotrie\/wp-content\/uploads\/2025\/03\/img1.png 360w\" sizes=\"auto, (max-width: 480px) 150px\" src=\"https:\/\/www.lageotrie.fr\/geotrie\/wp-content\/uploads\/2025\/03\/img1.png\" alt=\"\" class=\"uag-image-74\" width=\"586\" height=\"400\" title=\"img1\" loading=\"lazy\" role=\"img\"\/><\/figure><\/div>\n\n\n\n<div class=\"wp-block-uagb-info-box uagb-block-h5qwb1el uagb-infobox__content-wrap  uagb-infobox-icon-above-title uagb-infobox-image-valign-top\"><div class=\"uagb-ifb-content\"><div class=\"uagb-ifb-title-wrap\"><h3 class=\"uagb-ifb-title\">Vase et Pot<\/h3><\/div><p class=\"uagb-ifb-desc\">Vase et pot noir avec un \u00e9mail mat.<\/p><\/div><\/div>\n<\/div>\n\n\n\n<div class=\"wp-block-uagb-container uagb-block-ndy0hinr\">\n<div data-aos= \"fade-left\" data-aos-duration=\"400\" data-aos-delay=\"0\" data-aos-easing=\"ease\" data-aos-once=\"true\" class=\"wp-block-uagb-image aligncenter uagb-block-egktsy5o wp-block-uagb-image--layout-default wp-block-uagb-image--effect-static wp-block-uagb-image--align-center\"><figure class=\"wp-block-uagb-image__figure\"><img decoding=\"async\" srcset=\"https:\/\/www.lageotrie.fr\/geotrie\/wp-content\/uploads\/2025\/03\/img2.png ,https:\/\/www.lageotrie.fr\/geotrie\/wp-content\/uploads\/2025\/03\/img2.png 780w, https:\/\/www.lageotrie.fr\/geotrie\/wp-content\/uploads\/2025\/03\/img2.png 360w\" sizes=\"auto, (max-width: 480px) 150px\" src=\"https:\/\/www.lageotrie.fr\/geotrie\/wp-content\/uploads\/2025\/03\/img2.png\" alt=\"\" class=\"uag-image-76\" width=\"586\" height=\"400\" title=\"img2\" loading=\"lazy\" role=\"img\"\/><\/figure><\/div>\n\n\n\n<div class=\"wp-block-uagb-info-box uagb-block-cyvbjadi uagb-infobox__content-wrap  uagb-infobox-icon-above-title uagb-infobox-image-valign-top\"><div class=\"uagb-ifb-content\"><div class=\"uagb-ifb-title-wrap\"><h3 class=\"uagb-ifb-title\">Pot de fleur<\/h3><\/div><p class=\"uagb-ifb-desc\">Petit pot de fleur mouchet\u00e9<\/p><\/div><\/div>\n<\/div>\n\n\n\n<div class=\"wp-block-uagb-container uagb-block-nabfiopx\">\n<div data-aos= \"fade-right\" data-aos-duration=\"400\" data-aos-delay=\"0\" data-aos-easing=\"ease\" data-aos-once=\"true\" class=\"wp-block-uagb-image aligncenter uagb-block-q7bvoj6k wp-block-uagb-image--layout-default wp-block-uagb-image--effect-static wp-block-uagb-image--align-center\"><figure class=\"wp-block-uagb-image__figure\"><img decoding=\"async\" srcset=\"https:\/\/www.lageotrie.fr\/geotrie\/wp-content\/uploads\/2025\/03\/img3.png ,https:\/\/www.lageotrie.fr\/geotrie\/wp-content\/uploads\/2025\/03\/img3.png 780w, https:\/\/www.lageotrie.fr\/geotrie\/wp-content\/uploads\/2025\/03\/img3.png 360w\" sizes=\"auto, (max-width: 480px) 150px\" src=\"https:\/\/www.lageotrie.fr\/geotrie\/wp-content\/uploads\/2025\/03\/img3.png\" alt=\"\" class=\"uag-image-81\" width=\"586\" height=\"400\" title=\"img3\" loading=\"lazy\" role=\"img\"\/><\/figure><\/div>\n\n\n\n<div class=\"wp-block-uagb-info-box uagb-block-cvmpvv8h uagb-infobox__content-wrap  uagb-infobox-icon-above-title uagb-infobox-image-valign-top\"><div class=\"uagb-ifb-content\"><div class=\"uagb-ifb-title-wrap\"><h3 class=\"uagb-ifb-title\">Globe terrestre<\/h3><\/div><p class=\"uagb-ifb-desc\">La G\u00e9otrie ! Ce nom est la contraction de G\u00e9ologie et Poterie. Le globe terrestre est le symbole de mon travail mais ce sont \u00e9galement la cr\u00e9ation que j&rsquo;aime le plus faire.<\/p><\/div><\/div>\n<\/div>\n\n\n\n<div class=\"wp-block-uagb-container uagb-block-mjxxtcvz\">\n<div data-aos= \"fade-left\" data-aos-duration=\"400\" data-aos-delay=\"0\" data-aos-easing=\"ease\" data-aos-once=\"true\" class=\"wp-block-uagb-image aligncenter uagb-block-qpdtc5rk wp-block-uagb-image--layout-default wp-block-uagb-image--effect-static wp-block-uagb-image--align-center alignleft\"><figure class=\"wp-block-uagb-image__figure\"><img decoding=\"async\" srcset=\"https:\/\/www.lageotrie.fr\/geotrie\/wp-content\/uploads\/2025\/03\/img5.png ,https:\/\/www.lageotrie.fr\/geotrie\/wp-content\/uploads\/2025\/03\/img5.png 780w, https:\/\/www.lageotrie.fr\/geotrie\/wp-content\/uploads\/2025\/03\/img5.png 360w\" sizes=\"auto, (max-width: 480px) 150px\" src=\"https:\/\/www.lageotrie.fr\/geotrie\/wp-content\/uploads\/2025\/03\/img5.png\" alt=\"\" class=\"uag-image-84\" width=\"586\" height=\"400\" title=\"img5\" loading=\"lazy\" role=\"img\"\/><\/figure><\/div>\n\n\n\n<div class=\"wp-block-uagb-info-box uagb-block-6efk6d3e uagb-infobox__content-wrap  uagb-infobox-icon-above-title uagb-infobox-image-valign-top\"><div class=\"uagb-ifb-content\"><div class=\"uagb-ifb-title-wrap\"><h3 class=\"uagb-ifb-title\">La Signature !<\/h3><\/div><p class=\"uagb-ifb-desc\">La G\u00e9otrie \u00e0 maintenant un cachet pour signer ses pi\u00e8ces.<\/p><\/div><\/div>\n<\/div>\n<\/div>\n<\/div><\/div>\n\n\n\n<p><\/p>\n\n\n\n<div class=\"wp-block-uagb-container uagb-block-nheoeckn alignfull uagb-is-root-container\"><div class=\"uagb-container-inner-blocks-wrap\">\n<div class=\"wp-block-uagb-container uagb-layout-grid uagb-block-nxtq3nxq\">\n<div class=\"wp-block-uagb-container uagb-block-0suxgpok\">\n<div data-aos= \"fade-right\" data-aos-duration=\"400\" data-aos-delay=\"0\" data-aos-easing=\"ease\" data-aos-once=\"true\" class=\"wp-block-uagb-image aligncenter uagb-block-irrijaqo wp-block-uagb-image--layout-default wp-block-uagb-image--effect-static wp-block-uagb-image--align-center alignleft\"><figure class=\"wp-block-uagb-image__figure\"><img decoding=\"async\" srcset=\"https:\/\/www.lageotrie.fr\/geotrie\/wp-content\/uploads\/2025\/03\/img6.png ,https:\/\/www.lageotrie.fr\/geotrie\/wp-content\/uploads\/2025\/03\/img6.png 780w, https:\/\/www.lageotrie.fr\/geotrie\/wp-content\/uploads\/2025\/03\/img6.png 360w\" sizes=\"auto, (max-width: 480px) 150px\" src=\"https:\/\/www.lageotrie.fr\/geotrie\/wp-content\/uploads\/2025\/03\/img6.png\" alt=\"\" class=\"uag-image-89\" width=\"586\" height=\"400\" title=\"img6\" loading=\"lazy\" role=\"img\"\/><\/figure><\/div>\n\n\n\n<div class=\"wp-block-uagb-info-box uagb-block-mzsnw6qp uagb-infobox__content-wrap  uagb-infobox-icon-above-title uagb-infobox-image-valign-top\"><div class=\"uagb-ifb-content\"><div class=\"uagb-ifb-title-wrap\"><h3 class=\"uagb-ifb-title\">Pot Pourri<\/h3><\/div><p class=\"uagb-ifb-desc\">D\u00e9corations fleuries par les fleuristes de Bouloire.<\/p><\/div><\/div>\n<\/div>\n\n\n\n<div class=\"wp-block-uagb-container uagb-block-xmaexkia\">\n<div data-aos= \"fade-left\" data-aos-duration=\"400\" data-aos-delay=\"0\" data-aos-easing=\"ease\" data-aos-once=\"true\" class=\"wp-block-uagb-image aligncenter uagb-block-kug2ix3j wp-block-uagb-image--layout-default wp-block-uagb-image--effect-static wp-block-uagb-image--align-center\"><figure class=\"wp-block-uagb-image__figure\"><img decoding=\"async\" srcset=\"https:\/\/www.lageotrie.fr\/geotrie\/wp-content\/uploads\/2025\/03\/img7.png ,https:\/\/www.lageotrie.fr\/geotrie\/wp-content\/uploads\/2025\/03\/img7.png 780w, https:\/\/www.lageotrie.fr\/geotrie\/wp-content\/uploads\/2025\/03\/img7.png 360w\" sizes=\"auto, (max-width: 480px) 150px\" src=\"https:\/\/www.lageotrie.fr\/geotrie\/wp-content\/uploads\/2025\/03\/img7.png\" alt=\"\" class=\"uag-image-91\" width=\"586\" height=\"400\" title=\"img7\" loading=\"lazy\" role=\"img\"\/><\/figure><\/div>\n\n\n\n<div class=\"wp-block-uagb-info-box uagb-block-oebs8tuj uagb-infobox__content-wrap  uagb-infobox-icon-above-title uagb-infobox-image-valign-top\"><div class=\"uagb-ifb-content\"><div class=\"uagb-ifb-title-wrap\"><h3 class=\"uagb-ifb-title\">Vases<\/h3><\/div><p class=\"uagb-ifb-desc\">Les cuissons sont enfin termin\u00e9es ! \ud83e\udd73<br>Malgr\u00e9 quelques soucis de cuisson, je suis fi\u00e8re du travail accompli durant ces deux derniers mois.<\/p><\/div><\/div>\n<\/div>\n\n\n\n<div class=\"wp-block-uagb-container uagb-block-9a8brfro\">\n<div data-aos= \"fade-right\" data-aos-duration=\"400\" data-aos-delay=\"0\" data-aos-easing=\"ease\" data-aos-once=\"true\" class=\"wp-block-uagb-image aligncenter uagb-block-skem3wit wp-block-uagb-image--layout-default wp-block-uagb-image--effect-static wp-block-uagb-image--align-center\"><figure class=\"wp-block-uagb-image__figure\"><img decoding=\"async\" srcset=\"https:\/\/www.lageotrie.fr\/geotrie\/wp-content\/uploads\/2025\/03\/img8.png ,https:\/\/www.lageotrie.fr\/geotrie\/wp-content\/uploads\/2025\/03\/img8.png 780w, https:\/\/www.lageotrie.fr\/geotrie\/wp-content\/uploads\/2025\/03\/img8.png 360w\" sizes=\"auto, (max-width: 480px) 150px\" src=\"https:\/\/www.lageotrie.fr\/geotrie\/wp-content\/uploads\/2025\/03\/img8.png\" alt=\"\" class=\"uag-image-93\" width=\"586\" height=\"400\" title=\"img8\" loading=\"lazy\" role=\"img\"\/><\/figure><\/div>\n\n\n\n<div class=\"wp-block-uagb-info-box uagb-block-actmfc6u uagb-infobox__content-wrap  uagb-infobox-icon-above-title uagb-infobox-image-valign-top\"><div class=\"uagb-ifb-content\"><div class=\"uagb-ifb-title-wrap\"><h3 class=\"uagb-ifb-title\">Cuisson !<\/h3><\/div><p class=\"uagb-ifb-desc\">Aujourd&rsquo;hui c&rsquo;est le biscuit ! (1er cuisson \u00e0 1000\u00b0c)<\/p><\/div><\/div>\n<\/div>\n\n\n\n<div class=\"wp-block-uagb-container uagb-block-cvnysw2k\">\n<div data-aos= \"fade-left\" data-aos-duration=\"400\" data-aos-delay=\"0\" data-aos-easing=\"ease\" data-aos-once=\"true\" class=\"wp-block-uagb-image aligncenter uagb-block-cvttocbp wp-block-uagb-image--layout-default wp-block-uagb-image--effect-static wp-block-uagb-image--align-center alignleft\"><figure class=\"wp-block-uagb-image__figure\"><img decoding=\"async\" srcset=\"https:\/\/www.lageotrie.fr\/geotrie\/wp-content\/uploads\/2025\/03\/img9.png ,https:\/\/www.lageotrie.fr\/geotrie\/wp-content\/uploads\/2025\/03\/img9.png 780w, https:\/\/www.lageotrie.fr\/geotrie\/wp-content\/uploads\/2025\/03\/img9.png 360w\" sizes=\"auto, (max-width: 480px) 150px\" src=\"https:\/\/www.lageotrie.fr\/geotrie\/wp-content\/uploads\/2025\/03\/img9.png\" alt=\"\" class=\"uag-image-94\" width=\"586\" height=\"400\" title=\"img9\" loading=\"lazy\" role=\"img\"\/><\/figure><\/div>\n\n\n\n<div class=\"wp-block-uagb-info-box uagb-block-avqwcmy6 uagb-infobox__content-wrap  uagb-infobox-icon-above-title uagb-infobox-image-valign-top\"><div class=\"uagb-ifb-content\"><div class=\"uagb-ifb-title-wrap\"><h3 class=\"uagb-ifb-title\">Porte Savon<\/h3><\/div><p class=\"uagb-ifb-desc\">Reprise en douceur avec ce duo de porte savon.<\/p><\/div><\/div>\n<\/div>\n<\/div>\n<\/div><\/div>\n\n\n\n<div class=\"wp-block-uagb-container uagb-block-971bd9f6 alignfull uagb-is-root-container\"><div class=\"uagb-container-inner-blocks-wrap\">\n<div class=\"wp-block-uagb-container uagb-layout-grid uagb-block-c701ea71\">\n<div class=\"wp-block-uagb-container uagb-block-b4a57142\">\n<div data-aos= \"fade-right\" data-aos-duration=\"400\" data-aos-delay=\"0\" data-aos-easing=\"ease\" data-aos-once=\"true\" class=\"wp-block-uagb-image aligncenter uagb-block-aaceab87 wp-block-uagb-image--layout-default wp-block-uagb-image--effect-static wp-block-uagb-image--align-center alignleft\"><figure class=\"wp-block-uagb-image__figure\"><img decoding=\"async\" srcset=\"https:\/\/www.lageotrie.fr\/geotrie\/wp-content\/uploads\/2025\/03\/img10.png ,https:\/\/www.lageotrie.fr\/geotrie\/wp-content\/uploads\/2025\/03\/img10.png 780w, https:\/\/www.lageotrie.fr\/geotrie\/wp-content\/uploads\/2025\/03\/img10.png 360w\" sizes=\"auto, (max-width: 480px) 150px\" src=\"https:\/\/www.lageotrie.fr\/geotrie\/wp-content\/uploads\/2025\/03\/img10.png\" alt=\"\" class=\"uag-image-99\" width=\"586\" height=\"400\" title=\"img10\" loading=\"lazy\" role=\"img\"\/><\/figure><\/div>\n\n\n\n<div class=\"wp-block-uagb-info-box uagb-block-dacdf5da uagb-infobox__content-wrap  uagb-infobox-icon-above-title uagb-infobox-image-valign-top\"><div class=\"uagb-ifb-content\"><div class=\"uagb-ifb-title-wrap\"><h3 class=\"uagb-ifb-title\">Lot de Vases<\/h3><\/div><p class=\"uagb-ifb-desc\">Premier essai d&rsquo;un lot de vases. Pour une occasion tr\u00e8s particuli\u00e8re<\/p><\/div><\/div>\n<\/div>\n<\/div>\n<\/div><\/div>\n","protected":false},"excerpt":{"rendered":"","protected":false},"author":1,"featured_media":0,"parent":0,"menu_order":0,"comment_status":"closed","ping_status":"closed","template":"","meta":{"_uag_custom_page_level_css":"","site-sidebar-layout":"no-sidebar","site-content-layout":"plain-container","ast-site-content-layout":"default","site-content-style":"default","site-sidebar-style":"default","ast-global-header-display":"","ast-banner-title-visibility":"","ast-main-header-display":"","ast-hfb-above-header-display":"","ast-hfb-below-header-display":"","ast-hfb-mobile-header-display":"","site-post-title":"disabled","ast-breadcrumbs-content":"","ast-featured-img":"","footer-sml-layout":"","theme-transparent-header-meta":"enabled","adv-header-id-meta":"","stick-header-meta":"","header-above-stick-meta":"","header-main-stick-meta":"","header-below-stick-meta":"","astra-migrate-meta-layouts":"default","ast-page-background-enabled":"default","ast-page-background-meta":{"desktop":{"background-color":"var(--ast-global-color-5)","background-image":"","background-repeat":"repeat","background-position":"center center","background-size":"auto","background-attachment":"scroll","background-type":"","background-media":"","overlay-type":"","overlay-color":"","overlay-opacity":"","overlay-gradient":""},"tablet":{"background-color":"","background-image":"","background-repeat":"repeat","background-position":"center center","background-size":"auto","background-attachment":"scroll","background-type":"","background-media":"","overlay-type":"","overlay-color":"","overlay-opacity":"","overlay-gradient":""},"mobile":{"background-color":"","background-image":"","background-repeat":"repeat","background-position":"center center","background-size":"auto","background-attachment":"scroll","background-type":"","background-media":"","overlay-type":"","overlay-color":"","overlay-opacity":"","overlay-gradient":""}},"ast-content-background-meta":{"desktop":{"background-color":"var(--ast-global-color-4)","background-image":"","background-repeat":"repeat","background-position":"center center","background-size":"auto","background-attachment":"scroll","background-type":"","background-media":"","overlay-type":"","overlay-color":"","overlay-opacity":"","overlay-gradient":""},"tablet":{"background-color":"var(--ast-global-color-4)","background-image":"","background-repeat":"repeat","background-position":"center center","background-size":"auto","background-attachment":"scroll","background-type":"","background-media":"","overlay-type":"","overlay-color":"","overlay-opacity":"","overlay-gradient":""},"mobile":{"background-color":"var(--ast-global-color-4)","background-image":"","background-repeat":"repeat","background-position":"center center","background-size":"auto","background-attachment":"scroll","background-type":"","background-media":"","overlay-type":"","overlay-color":"","overlay-opacity":"","overlay-gradient":""}},"footnotes":""},"class_list":["post-7","page","type-page","status-publish","hentry"],"uagb_featured_image_src":{"full":false,"thumbnail":false,"medium":false,"medium_large":false,"large":false,"1536x1536":false,"2048x2048":false},"uagb_author_info":{"display_name":"Admin","author_link":"https:\/\/www.lageotrie.fr\/geotrie\/author\/admin\/"},"uagb_comment_info":0,"uagb_excerpt":null,"_links":{"self":[{"href":"https:\/\/www.lageotrie.fr\/geotrie\/wp-json\/wp\/v2\/pages\/7","targetHints":{"allow":["GET"]}}],"collection":[{"href":"https:\/\/www.lageotrie.fr\/geotrie\/wp-json\/wp\/v2\/pages"}],"about":[{"href":"https:\/\/www.lageotrie.fr\/geotrie\/wp-json\/wp\/v2\/types\/page"}],"author":[{"embeddable":true,"href":"https:\/\/www.lageotrie.fr\/geotrie\/wp-json\/wp\/v2\/users\/1"}],"replies":[{"embeddable":true,"href":"https:\/\/www.lageotrie.fr\/geotrie\/wp-json\/wp\/v2\/comments?post=7"}],"version-history":[{"count":35,"href":"https:\/\/www.lageotrie.fr\/geotrie\/wp-json\/wp\/v2\/pages\/7\/revisions"}],"predecessor-version":[{"id":102,"href":"https:\/\/www.lageotrie.fr\/geotrie\/wp-json\/wp\/v2\/pages\/7\/revisions\/102"}],"wp:attachment":[{"href":"https:\/\/www.lageotrie.fr\/geotrie\/wp-json\/wp\/v2\/media?parent=7"}],"curies":[{"name":"wp","href":"https:\/\/api.w.org\/{rel}","templated":true}]}}